70. What is the tens digit of a?
8
Let z(o) = o**3 - 4*o**2 - o + 25127. What is the units digit of z(0)?
7
Let y(s) be the first derivative of 2*s**3 - 3*s**2 + 5*s - 68. What is the tens digit of y(-8)?
3
Suppose f = p + 12 - 79, 5*p - 2*f = 326. Let q = 813 - p. What is the hundreds digit of q?
7
Let d = -1243 - -261. Let k = d + 2723. What is the tens digit of k?
4
Let s(t) = 2675*t + 112. What is the tens digit of s(6)?
6
Let a = 28098 - 15140. What is the hundreds digit of a?
9
Let n = 57 + -55. Suppose 0 = -v + 2*v - n*a + 24, -3*v - 22 = 4*a. What is the tens digit of (-990)/v - 6/(-21)?
7
What is the units digit of 8 + (-125)/20 - (-717640)/32?
8
Let q(h) = -24*h - 14. Let s be q(-24). Suppose -1272 = -3*c + 3*x, 0 = -c - 4*x - 153 + s. What is the units digit of c?
1
Let h = 428 - 426. Let c(d) = d**2 + 9*d - 5. Let u be c(-10). Suppose -h*g - 3*g - 44 = -2*a, 3*g + 110 = u*a. What is the units digit of a?
2
Suppose 4984 = -5*s - 3*z + 13967, -3*s = -2*z - 5386. Suppose 0 = 2*t - 6*t + s. Let o = t - 258. What is the tens digit of o?
9
Let l(a) = 4*a**2 + 34*a - 7. Suppose 124 = 8*s + 44. What is the hundreds digit of l(s)?
7
Suppose 4*g - 66 = -t - 2*t, -g + 3 = 0. Let l be -206*4/(-16)*t. Suppose -7*q = -16*q + l. What is the units digit of q?
3
Let f(j) = 78*j - 96. Let b be f(8). Suppose 2*d + 326 = -5*i + 1706, -b = -2*i + 4*d. What is the tens digit of i?
7
Suppose 0 = 6*w - 10758 - 44016. What is the thousands digit of w?
9
What is the tens digit of (-3)/30*2 + (-24772)/(-10)?
7
Let i(l) = l**3 + 10*l**2 - 8*l - 75. Let r be i(-10). Suppose 4*o = -n + 2780, -r*o + 3*n + 3468 = 6*n. What is the units digit of o?
6
Let r = -3397 + 15565. What is the tens digit of r?
6
Let f be 1520/(-70) - (-26)/(-91). Let v = 152 - 291. Let o = f - v. What is the units digit of o?
7
Suppose 17 = 8*v - 15. What is the units digit of -5 + 7 + 64 + v?
0
What is the hundreds digit of (-13032)/(-96)*(-564)/(-9)?
5
Let g(w) = 1189*w + 1932. What is the tens digit of g(8)?
4
What is the units digit of 6/22 + (-308384)/(-44)?
9
Let w be (-1)/(4/96)*-1. Let o = w - 18. Suppose -j + o*j - 305 = 0. What is the units digit of j?
1
Suppose 26260 + 55942 = 23*v. What is the hundreds digit of v?
5
Suppose 209 = -20*d - 51. What is the hundreds digit of (-208)/d*(-102)/(-4)?
4
Suppose -5*h = -3*w + 249465, -h + w - 18055 = 31840. What is the hundreds digit of (h/45)/((-2)/3)?
6
Suppose 0 = 326*b - 322*b - 24. What is the units digit of (0 - (-3 + b + 1))*-170?
0
What is the tens digit of 18/4 - (-664785)/198?
6
Suppose -m = -10 - 5. Let c(o) = o**2 - 6*o + 11. Let g be c(m). Let u = -104 + g. What is the tens digit of u?
4
What is the tens digit of 1066*105/60*4?
6
Let u(a) = a**3 - 12*a**2 + 3*a + 9. Let l(o) = o + 18. Let i be l(-3). Let b be u(i). What is the units digit of (-1 + 0)/(b/(-144) + 5)?
6
Let l = -25 + 47. Suppose -5*u = -b - l, -b = 3*u - 11 - 7. Suppose b*t + 5*m - 143 = 205, 3*m = -t + 112. What is the hundreds digit of t?
1
Suppose -y = -5*d + 12658, 5*d = 204*y - 205*y + 12662. What is the tens digit of d?
3
Suppose -i = 5*j - 35 + 5, -5*i = j - 30. Let p(h) = 3 + 4*h + 3 - 16 + 7*h**2. What is the tens digit of p(j)?
8
Let l = 5452 - 2229. What is the tens digit of l?
2
What is the units digit of (792/(-462))/((-10)/465815)?
4
Suppose a - 4*a + 732 = -5*y, 4*y + 984 = 4*a. Suppose 6*j + a = 5103. What is the tens digit of j?
0
Suppose 63*j - 62*j = 5630. Suppose 32*y - 5*l = 28*y + j, -y + 2*l = -1409. What is the tens digit of y?
0
Let r(z) = 206*z + 1. Let y be r(-2). Suppose 6*g = -2*d + 4*g - 1282, 1923 = -3*d + 4*g. Let w = y - d. What is the tens digit of w?
3
Let a(n) = 5*n**3 - 6*n**2 - 3*n + 43. Let u(w) = 4*w**3 - 6*w**2 - 4*w + 42. Let p(q) = -2*a(q) + 3*u(q). What is the tens digit of p(9)?
5
Suppose 88*f + 43*f - 138105 = 76*f. What is the tens digit of f?
1
Suppose 3*h = 2*h - 1, -3*h - 95 = -2*r. Let z be (4/(-1))/(r/115). What is the tens digit of (-28)/3*45/z?
4
Let z = 11830 - 7402. What is the thousands digit of z?
4
What is the hundreds digit of 11436144/2403 - ((-10)/(-9) - 1)?
7
Suppose 3*m + u + 11 = 0, -m + 10 = -4*m - 2*u. Let c = 187 + 289. What is the units digit of 4/6*3 - c/m?
1
Suppose 27*o = -100269 + 349074. What is the thousands digit of o?
9
Suppose -92922 = -10*f + 100286 + 70412. What is the units digit of f?
2
Suppose -7*p = -14*p + 42. What is the tens digit of 0 + p + -1 + 713 + 4?
2
Let k(u) be the third derivative of u**6/120 + 7*u**5/30 - 17*u**4/24 - 40*u**3/3 - u**2 + 17. What is the hundreds digit of k(-12)?
4
Let k = 11 - -2025. What is the tens digit of k?
3
Suppose -10*b = -7 - 3. What is the hundreds digit of (13/(39/20))/(b/150)?
0
Let r(c) = -582*c - 3038. What is the thousands digit of r(-47)?
4
What is the tens digit of 9/((-45)/(-56590)) - 1*(3 + -1)?
1
Let h = 22353 + -14241. What is the hundreds digit of h?
1
Let u(a) = -a**3 - 25*a**2 - 48*a - 7. Let q be u(-23). Let p = q + -32. What is the units digit of p?
7
Suppose 5*p - 372900 = -3*q, -73*p - 5*q - 149160 = -75*p. Suppose 0 = -7*c + 67*c - p. What is the tens digit of c?
4
Suppose -89 = -11*r + 65. What is the units digit of (-177)/413 + 370/r?
6
Let f(l) = l**2 - 5*l - 16. Let q(g) = g - 1. Let r(b) = 3*b - 9. Let n(w) = -2*q(w) - r(w). Let j be n(4). What is the hundreds digit of f(j)?
1
Let d(m) = -5*m**3 + 3*m**2 - 55*m + 57. What is the ten thousands digit of d(-21)?
4
Let a be 3 - ((0 - (-1 + 5)) + -81). Let h = a + -84. Suppose h*u - 33 = 415. What is the hundreds digit of u?
1
Suppose -18*z + 96 = 6. Suppose -268 = -4*n - l + 1717, -l = -z. What is the units digit of n?
5
Let h(a) = 189*a**3 + a**2 - 15*a + 72. What is the hundreds digit of h(6)?
8
Let r = 134 - 132. Suppose -r*z + 308 = -736. What is the tens digit of z?
2
Let l(w) = -w**2 - 7*w - 5. Let s be l(-2). Suppose 4*i = 5*c - 1 - 21, 2*i - 4 = -s*c. Suppose 95 + 46 = f - a, c*a = f - 141. What is the hundreds digit of f?
1
Let u be (3/(-2))/(10/(-20)) - 573. Let f = 1080 + u. What is the units digit of f?
0
Suppose 0*q - q = -5. Suppose q*h = z - 302, h = -3*z - h + 855. Suppose j + 109 = 2*j + 4*o, 3*j = -2*o + z. What is the units digit of j?
3
Suppose 4*b + 3*d = -9, 2*b = 6*d - 10*d - 12. Suppose 4*z = 0, -2*s = -b*s - 5*z - 240. What is the tens digit of s?
2
Let c(x) be the second derivative of -x**3/2 + 17*x**2/2 + x. Let a(o) = -3*o**2 - 15*o - 15. Let f be a(-5). What is the tens digit of c(f)?
6
Let u = 55029 - 16531. What is the tens digit of u?
9
What is the tens digit of (-4792)/(-14)*(11 + 78/(-9))*3?
9
Suppose -15*h + 134749 = -115461 + 2365. What is the ten thousands digit of h?
1
What is the units digit of (-17 - -8 - -27950) + -18?
3
What is the thousands digit of 5*(-210)/(-75) - -14739?
4
Let d(q) = 92*q + 41. Let k be d(3). Suppose 4*i - 2*o = 291 + k, -i - 3*o + 138 = 0. What is the tens digit of i?
5
Let z = 2109 - -1855. What is the tens digit of z?
6
Suppose 8 = 26*g - 18. What is the tens digit of -26 + 48 + (-2 - (-4 + g))?
2
Let m be -17 + (-11)/((-33)/12). Let x(p) = -2*p**2 - 28*p - 1. What is the units digit of x(m)?
5
What is the units digit of (1 - -18265) + 95 + -112?
9
Let o(c) = 8*c**2 + 79*c + 47. Let w be o(-21). Suppose -4*r = -2*q - w, -3*r + 0*r + 1451 = 2*q. What is the hundreds digit of r?
4
Let k(l) = -l - 9. Let u be k(-14). Suppose 4*h = -5*n - 0*n, -u*h = -4*n. Suppose -3*d = -2*d - 3*j - 170, -5*d + 3*j + 838 = h. What is the units digit of d?
7
What is the ten thousands digit of -3 + -9 + (-77724)/(-6)?
1
Suppose 22 + 8 = 2*t + y, 4*y = -t + 22. Suppose 3*i + r - 2 = 0, 0 = -0*i + i - 3*r - t. What is the tens digit of (-1)/i*(-3 + -99)?
5
Let o = -39 - -49. Let c = o + -6. Suppose c*l + 372 = 10*l. What is the units digit of l?
2
Let d = 1528 + -495. Let c = 1818 - d. What is the tens digit of c?
8
Let f(b) = -b**3 + 12*b**2 + 14*b - 11. Let i(p) = 2*p - 13. Let r = 55 - 42. Let z be i(r). What is the units digit of f(z)?
2
Suppose -3*m - 3*c = -9333, c - 5*c = 2*m - 6228. What is the units digit of (5 + m/(-4))*(-3)/6?
6
Let x(o) = 66*o + 52. Let q be x(10). Suppose -b + q = 4*p - 228, -5*p + 2*b + 1175 = 0. What is the units digit of p?
5
Let o be 1/(-3) + 176/33. Let r(v) = v**3 + v**2 - 6. Let g be r(0